{"id":237,"date":"2024-05-23T15:49:55","date_gmt":"2024-05-23T13:49:55","guid":{"rendered":"https:\/\/gudumholm.dk\/?page_id=237"},"modified":"2024-05-28T14:32:23","modified_gmt":"2024-05-28T12:32:23","slug":"gudumholm-apotek","status":"publish","type":"page","link":"https:\/\/gudumholm.dk\/index.php\/historien\/gudumholm-apotek\/","title":{"rendered":"Gudumholm Apotek"},"content":{"rendered":"\n<div id=\"wp-block-themeisle-blocks-advanced-columns-c51a951f\" class=\"wp-block-themeisle-blocks-advanced-columns has-1-columns has-desktop-equal-layout has-tablet-equal-layout has-mobile-equal-layout has-vertical-unset\"><div class=\"wp-block-themeisle-blocks-advanced-columns-overlay\"><\/div><div class=\"innerblocks-wrap\">\n<div id=\"wp-block-themeisle-blocks-advanced-column-20a7230c\" class=\"wp-block-themeisle-blocks-advanced-column\">\n<p><\/p>\n\n\n\n<p>Gudumholm Apotek blev oprettet ved Kgl. resolution den 9. marts 1899.<br>Byggeriet i Gudumholm blev p\u00e5begyndt i 1906, og stod klar til \u00e5bning i 1909<\/p>\n\n\n\n<p>If\u00f8lge den lille bog &#8220;Den standhaftige Butik&#8221; om Gudumholm Brugsforening, kostede det 18.000 kr. at bygge apoteket, som med k\u00e6lder, men uden det uudnyttede \u00f8verste loft, er p\u00e5 523 m2. <\/p>\n\n\n\n<p>Bygningen havde butik, kontor, bolig til apotekeren og hans familie, og flere ansatte. I f\u00f8lge de gamle plantegninger var der 11 sm\u00e5 v\u00e6relser p\u00e5 1. salen, samt ved l\u00f8bende modernisering 1 toilet p\u00e5 hver af de 3 benyttede etager. <br>I k\u00e6lderen fandtes flere depoter og &#8220;medicin blande rum&#8221;. De gamle tr\u00e6 skabe med indpr\u00e6gede gift symboler findes stadig i k\u00e6lderen. <\/p>\n\n\n\n<p>Oprindeligt gik apotekergrunden helt ned til Parallelvej, for enden af haven. Et stykke blev siden solgt fra, og der ligger nu et lille dobbelthus.<\/p>\n\n\n\n<p>En lille sjov detalje er at der findes et servitut p\u00e5 den store b\u00f8g nederst i haven; uanset hvad det frasolgte stykke bruges til i fremtiden, kan ingen kr\u00e6ve b\u00f8gen f\u00e6ldet. Servituttet f\u00f8lger med hver handel der sker. <\/p>\n\n\n\n<p>Ligeledes findes der et servitut der bestemmer at der altid skal afgives et stykke af apotekets grund til kv\u00e6gsti. Denne sti ligger mellem apoteket og autov\u00e6rkstedet i nr. 39.<\/p>\n\n\n\n<p><br><strong>Gudumholm Apoteks indehavere 1899-2005<\/strong><\/p>\n\n\n\n<p><strong>02.06.1899 &#8211; 09.07.1908 Peter Christian Nicolay Friederichsen<\/strong><br><strong>23.10.1908 &#8211; 31.10.1915 Marius Rosenkilde<\/strong><br><strong>21.07.1915 &#8211; 18.06.1920 Hans Herman Buhl<\/strong><br><strong>24.09.1920 &#8211; 11.07.1922 Holger F\u00e6rch<\/strong><br><strong>02.10.1922 &#8211; 26.06.1930 Niels Oscar Nielsen<\/strong><br><strong>12.01.1931 &#8211; 10.05.1937 Kristiane Ottilie S\u00f8e<\/strong><br><strong>16.02.1938 &#8211; 03.11.1946 Knud W\u00f6ldike Schmidt<\/strong><br><strong>20.12.1946 &#8211; 31.07.1961 Ernst Richard Bielefeldt<\/strong><br><strong>12.07.1961 &#8211; 31.08.1979 August Fremantle Hjorth<\/strong><br><strong>03.05.1979 &#8211; 01.01.1981 Mogens Ernst Hansen<\/strong><\/p>\n\n\n\n<p><strong>01.02.1994 &#8211; nu: Jan Granat<\/strong><\/p>\n\n\n\n<p>I 1981 flyttede apoteket til Storvorde og skiftede navn til Sejlflod Apotek. <\/p>\n\n\n\n<p>Siden har bygningen s\u00e5 vidt vides v\u00e6ret k\u00f8bt af en bankdirekt\u00f8r og Socialistisk Afholdsforening, mens det siden 1994 har v\u00e6ret nuv\u00e6rende ejers.<\/p>\n\n\n\n<p>De gamle billeder herunder er gengivet med tilladelse fra Sejlflod Lokalhistoriske arkiv<\/p>\n<\/div>\n<\/div><\/div>\n\n\n\n<figure class=\"wp-block-image size-large\"><img loading=\"lazy\" decoding=\"async\" width=\"1012\" height=\"1024\" src=\"https:\/\/gudumholm.dk\/wp-content\/uploads\/2024\/05\/IMG_5350-1012x1024.jpeg\" alt=\"\" class=\"wp-image-257\" srcset=\"https:\/\/gudumholm.dk\/wp-content\/uploads\/2024\/05\/IMG_5350-1012x1024.jpeg 1012w, https:\/\/gudumholm.dk\/wp-content\/uploads\/2024\/05\/IMG_5350-297x300.jpeg 297w, https:\/\/gudumholm.dk\/wp-content\/uploads\/2024\/05\/IMG_5350-768x777.jpeg 768w, https:\/\/gudumholm.dk\/wp-content\/uploads\/2024\/05\/IMG_5350-1518x1536.jpeg 1518w, https:\/\/gudumholm.dk\/wp-content\/uploads\/2024\/05\/IMG_5350-2024x2048.jpeg 2024w, https:\/\/gudumholm.dk\/wp-content\/uploads\/2024\/05\/IMG_5350-1140x1153.jpeg 1140w, https:\/\/gudumholm.dk\/wp-content\/uploads\/2024\/05\/IMG_5350-75x75.jpeg 75w\" sizes=\"auto, (max-width: 1012px) 100vw, 1012px\" \/><\/figure>\n\n\n\n<p>Luftfoto 1959<\/p>\n\n\n\n<figure class=\"wp-block-gallery has-nested-images columns-default is-cropped wp-block-gallery-1 is-layout-flex wp-block-gallery-is-layout-flex\">\n<figure class=\"wp-block-image size-large\"><img loading=\"lazy\" decoding=\"async\" width=\"1024\" height=\"745\" data-id=\"281\" src=\"https:\/\/gudumholm.dk\/wp-content\/uploads\/2024\/05\/IMG_5391-1024x745.jpeg\" alt=\"\" class=\"wp-image-281\" srcset=\"https:\/\/gudumholm.dk\/wp-content\/uploads\/2024\/05\/IMG_5391-1024x745.jpeg 1024w, https:\/\/gudumholm.dk\/wp-content\/uploads\/2024\/05\/IMG_5391-300x218.jpeg 300w, https:\/\/gudumholm.dk\/wp-content\/uploads\/2024\/05\/IMG_5391-768x559.jpeg 768w, https:\/\/gudumholm.dk\/wp-content\/uploads\/2024\/05\/IMG_5391-1140x829.jpeg 1140w, https:\/\/gudumholm.dk\/wp-content\/uploads\/2024\/05\/IMG_5391.jpeg 1170w\" sizes=\"auto, (max-width: 1024px) 100vw, 1024px\" \/><\/figure>\n\n\n\n<figure class=\"wp-block-image size-large\"><img loading=\"lazy\" decoding=\"async\" width=\"1024\" height=\"682\" data-id=\"280\" src=\"https:\/\/gudumholm.dk\/wp-content\/uploads\/2024\/05\/IMG_5390-1024x682.jpeg\" alt=\"\" class=\"wp-image-280\" srcset=\"https:\/\/gudumholm.dk\/wp-content\/uploads\/2024\/05\/IMG_5390-1024x682.jpeg 1024w, https:\/\/gudumholm.dk\/wp-content\/uploads\/2024\/05\/IMG_5390-300x200.jpeg 300w, https:\/\/gudumholm.dk\/wp-content\/uploads\/2024\/05\/IMG_5390-768x511.jpeg 768w, https:\/\/gudumholm.dk\/wp-content\/uploads\/2024\/05\/IMG_5390-1140x759.jpeg 1140w, https:\/\/gudumholm.dk\/wp-content\/uploads\/2024\/05\/IMG_5390.jpeg 1170w\" sizes=\"auto, (max-width: 1024px) 100vw, 1024px\" \/><\/figure>\n\n\n\n<figure class=\"wp-block-image size-large\"><img loading=\"lazy\" decoding=\"async\" width=\"1024\" height=\"646\" data-id=\"279\" src=\"https:\/\/gudumholm.dk\/wp-content\/uploads\/2024\/05\/IMG_5392-1-1024x646.jpeg\" alt=\"\" class=\"wp-image-279\" srcset=\"https:\/\/gudumholm.dk\/wp-content\/uploads\/2024\/05\/IMG_5392-1-1024x646.jpeg 1024w, https:\/\/gudumholm.dk\/wp-content\/uploads\/2024\/05\/IMG_5392-1-300x189.jpeg 300w, https:\/\/gudumholm.dk\/wp-content\/uploads\/2024\/05\/IMG_5392-1-768x485.jpeg 768w, https:\/\/gudumholm.dk\/wp-content\/uploads\/2024\/05\/IMG_5392-1-1140x719.jpeg 1140w, https:\/\/gudumholm.dk\/wp-content\/uploads\/2024\/05\/IMG_5392-1.jpeg 1157w\" sizes=\"auto, (max-width: 1024px) 100vw, 1024px\" \/><\/figure>\n<\/figure>\n","protected":false},"excerpt":{"rendered":"<p>Luftfoto 1959<\/p>\n","protected":false},"author":1,"featured_media":250,"parent":74,"menu_order":0,"comment_status":"closed","ping_status":"closed","template":"","meta":{"inline_featured_image":false,"_themeisle_gutenberg_block_has_review":false,"footnotes":""},"class_list":["post-237","page","type-page","status-publish","has-post-thumbnail","hentry"],"yoast_head":"<!-- This site is optimized with the Yoast SEO plugin v19.10 - https:\/\/yoast.com\/wordpress\/plugins\/seo\/ -->\n<title>Gudumholm Apotek -<\/title>\n<meta name=\"description\" content=\"Gudumholm apotek 1908-1981\" \/>\n<meta name=\"robots\" content=\"index, follow, max-snippet:-1, max-image-preview:large, max-video-preview:-1\" \/>\n<link rel=\"canonical\" href=\"https:\/\/gudumholm.dk\/index.php\/historien\/gudumholm-apotek\/\" \/>\n<meta property=\"og:locale\" content=\"da_DK\" \/>\n<meta property=\"og:type\" content=\"article\" \/>\n<meta property=\"og:title\" content=\"Gudumholm Apotek -\" \/>\n<meta property=\"og:description\" content=\"Gudumholm apotek 1908-1981\" \/>\n<meta property=\"og:url\" content=\"https:\/\/gudumholm.dk\/index.php\/historien\/gudumholm-apotek\/\" \/>\n<meta property=\"article:publisher\" content=\"https:\/\/m.facebook.com\/profile.php?id=100087522970685\" \/>\n<meta property=\"article:modified_time\" content=\"2024-05-28T12:32:23+00:00\" \/>\n<meta property=\"og:image\" content=\"http:\/\/gudumholm.dk\/wp-content\/uploads\/2024\/05\/Aagade-41-Gudumholm-Apotek.jpeg\" \/>\n\t<meta property=\"og:image:width\" content=\"203\" \/>\n\t<meta property=\"og:image:height\" content=\"190\" \/>\n\t<meta property=\"og:image:type\" content=\"image\/jpeg\" \/>\n<meta name=\"twitter:card\" content=\"summary_large_image\" \/>\n<meta name=\"twitter:label1\" content=\"Estimeret l\u00e6setid\" \/>\n\t<meta name=\"twitter:data1\" content=\"2 minutter\" \/>\n<script type=\"application\/ld+json\" class=\"yoast-schema-graph\">{\"@context\":\"https:\/\/schema.org\",\"@graph\":[{\"@type\":\"WebPage\",\"@id\":\"https:\/\/gudumholm.dk\/index.php\/historien\/gudumholm-apotek\/\",\"url\":\"https:\/\/gudumholm.dk\/index.php\/historien\/gudumholm-apotek\/\",\"name\":\"Gudumholm Apotek -\",\"isPartOf\":{\"@id\":\"https:\/\/gudumholm.dk\/#website\"},\"datePublished\":\"2024-05-23T13:49:55+00:00\",\"dateModified\":\"2024-05-28T12:32:23+00:00\",\"description\":\"Gudumholm apotek 1908-1981\",\"breadcrumb\":{\"@id\":\"https:\/\/gudumholm.dk\/index.php\/historien\/gudumholm-apotek\/#breadcrumb\"},\"inLanguage\":\"da-DK\",\"potentialAction\":[{\"@type\":\"ReadAction\",\"target\":[\"https:\/\/gudumholm.dk\/index.php\/historien\/gudumholm-apotek\/\"]}]},{\"@type\":\"BreadcrumbList\",\"@id\":\"https:\/\/gudumholm.dk\/index.php\/historien\/gudumholm-apotek\/#breadcrumb\",\"itemListElement\":[{\"@type\":\"ListItem\",\"position\":1,\"name\":\"Hjem\",\"item\":\"https:\/\/gudumholm.dk\/\"},{\"@type\":\"ListItem\",\"position\":2,\"name\":\"Historien\",\"item\":\"https:\/\/gudumholm.dk\/index.php\/historien\/\"},{\"@type\":\"ListItem\",\"position\":3,\"name\":\"Gudumholm Apotek\"}]},{\"@type\":\"WebSite\",\"@id\":\"https:\/\/gudumholm.dk\/#website\",\"url\":\"https:\/\/gudumholm.dk\/\",\"name\":\"\",\"description\":\"\",\"publisher\":{\"@id\":\"https:\/\/gudumholm.dk\/#organization\"},\"potentialAction\":[{\"@type\":\"SearchAction\",\"target\":{\"@type\":\"EntryPoint\",\"urlTemplate\":\"https:\/\/gudumholm.dk\/?s={search_term_string}\"},\"query-input\":\"required name=search_term_string\"}],\"inLanguage\":\"da-DK\"},{\"@type\":\"Organization\",\"@id\":\"https:\/\/gudumholm.dk\/#organization\",\"name\":\"Gudumholm Borgerforening\",\"url\":\"https:\/\/gudumholm.dk\/\",\"logo\":{\"@type\":\"ImageObject\",\"inLanguage\":\"da-DK\",\"@id\":\"https:\/\/gudumholm.dk\/#\/schema\/logo\/image\/\",\"url\":\"http:\/\/gudumholm.dk\/wp-content\/uploads\/2022\/11\/EF01BAD9-113C-449B-8628-4B187FB6BC6D.png\",\"contentUrl\":\"http:\/\/gudumholm.dk\/wp-content\/uploads\/2022\/11\/EF01BAD9-113C-449B-8628-4B187FB6BC6D.png\",\"width\":124,\"height\":181,\"caption\":\"Gudumholm Borgerforening\"},\"image\":{\"@id\":\"https:\/\/gudumholm.dk\/#\/schema\/logo\/image\/\"},\"sameAs\":[\"https:\/\/m.facebook.com\/profile.php?id=100087522970685\"]}]}<\/script>\n<!-- \/ Yoast SEO plugin. -->","yoast_head_json":{"title":"Gudumholm Apotek -","description":"Gudumholm apotek 1908-1981","robots":{"index":"index","follow":"follow","max-snippet":"max-snippet:-1","max-image-preview":"max-image-preview:large","max-video-preview":"max-video-preview:-1"},"canonical":"https:\/\/gudumholm.dk\/index.php\/historien\/gudumholm-apotek\/","og_locale":"da_DK","og_type":"article","og_title":"Gudumholm Apotek -","og_description":"Gudumholm apotek 1908-1981","og_url":"https:\/\/gudumholm.dk\/index.php\/historien\/gudumholm-apotek\/","article_publisher":"https:\/\/m.facebook.com\/profile.php?id=100087522970685","article_modified_time":"2024-05-28T12:32:23+00:00","og_image":[{"width":203,"height":190,"url":"http:\/\/gudumholm.dk\/wp-content\/uploads\/2024\/05\/Aagade-41-Gudumholm-Apotek.jpeg","type":"image\/jpeg"}],"twitter_card":"summary_large_image","twitter_misc":{"Estimeret l\u00e6setid":"2 minutter"},"schema":{"@context":"https:\/\/schema.org","@graph":[{"@type":"WebPage","@id":"https:\/\/gudumholm.dk\/index.php\/historien\/gudumholm-apotek\/","url":"https:\/\/gudumholm.dk\/index.php\/historien\/gudumholm-apotek\/","name":"Gudumholm Apotek -","isPartOf":{"@id":"https:\/\/gudumholm.dk\/#website"},"datePublished":"2024-05-23T13:49:55+00:00","dateModified":"2024-05-28T12:32:23+00:00","description":"Gudumholm apotek 1908-1981","breadcrumb":{"@id":"https:\/\/gudumholm.dk\/index.php\/historien\/gudumholm-apotek\/#breadcrumb"},"inLanguage":"da-DK","potentialAction":[{"@type":"ReadAction","target":["https:\/\/gudumholm.dk\/index.php\/historien\/gudumholm-apotek\/"]}]},{"@type":"BreadcrumbList","@id":"https:\/\/gudumholm.dk\/index.php\/historien\/gudumholm-apotek\/#breadcrumb","itemListElement":[{"@type":"ListItem","position":1,"name":"Hjem","item":"https:\/\/gudumholm.dk\/"},{"@type":"ListItem","position":2,"name":"Historien","item":"https:\/\/gudumholm.dk\/index.php\/historien\/"},{"@type":"ListItem","position":3,"name":"Gudumholm Apotek"}]},{"@type":"WebSite","@id":"https:\/\/gudumholm.dk\/#website","url":"https:\/\/gudumholm.dk\/","name":"","description":"","publisher":{"@id":"https:\/\/gudumholm.dk\/#organization"},"potentialAction":[{"@type":"SearchAction","target":{"@type":"EntryPoint","urlTemplate":"https:\/\/gudumholm.dk\/?s={search_term_string}"},"query-input":"required name=search_term_string"}],"inLanguage":"da-DK"},{"@type":"Organization","@id":"https:\/\/gudumholm.dk\/#organization","name":"Gudumholm Borgerforening","url":"https:\/\/gudumholm.dk\/","logo":{"@type":"ImageObject","inLanguage":"da-DK","@id":"https:\/\/gudumholm.dk\/#\/schema\/logo\/image\/","url":"http:\/\/gudumholm.dk\/wp-content\/uploads\/2022\/11\/EF01BAD9-113C-449B-8628-4B187FB6BC6D.png","contentUrl":"http:\/\/gudumholm.dk\/wp-content\/uploads\/2022\/11\/EF01BAD9-113C-449B-8628-4B187FB6BC6D.png","width":124,"height":181,"caption":"Gudumholm Borgerforening"},"image":{"@id":"https:\/\/gudumholm.dk\/#\/schema\/logo\/image\/"},"sameAs":["https:\/\/m.facebook.com\/profile.php?id=100087522970685"]}]}},"_links":{"self":[{"href":"https:\/\/gudumholm.dk\/index.php\/wp-json\/wp\/v2\/pages\/237","targetHints":{"allow":["GET"]}}],"collection":[{"href":"https:\/\/gudumholm.dk\/index.php\/wp-json\/wp\/v2\/pages"}],"about":[{"href":"https:\/\/gudumholm.dk\/index.php\/wp-json\/wp\/v2\/types\/page"}],"author":[{"embeddable":true,"href":"https:\/\/gudumholm.dk\/index.php\/wp-json\/wp\/v2\/users\/1"}],"replies":[{"embeddable":true,"href":"https:\/\/gudumholm.dk\/index.php\/wp-json\/wp\/v2\/comments?post=237"}],"version-history":[{"count":14,"href":"https:\/\/gudumholm.dk\/index.php\/wp-json\/wp\/v2\/pages\/237\/revisions"}],"predecessor-version":[{"id":282,"href":"https:\/\/gudumholm.dk\/index.php\/wp-json\/wp\/v2\/pages\/237\/revisions\/282"}],"up":[{"embeddable":true,"href":"https:\/\/gudumholm.dk\/index.php\/wp-json\/wp\/v2\/pages\/74"}],"wp:featuredmedia":[{"embeddable":true,"href":"https:\/\/gudumholm.dk\/index.php\/wp-json\/wp\/v2\/media\/250"}],"wp:attachment":[{"href":"https:\/\/gudumholm.dk\/index.php\/wp-json\/wp\/v2\/media?parent=237"}],"curies":[{"name":"wp","href":"https:\/\/api.w.org\/{rel}","templated":true}]}}